 + 2. Let q = i - d. What is the units digit of q?
7
Let u(x) = -x**3 + 2*x**2 + 5*x - 3. Let h(y) = y**2 - y + 3. Let k be h(0). What is the units digit of u(k)?
3
Let r = -4 - -6. What is the units digit of -2 + (2 - r) - -3?
1
Let u = 32 + 30. What is the units digit of u?
2
Let x(q) = 3*q**3 - q**2 + 3*q - 2. What is the units digit of x(2)?
4
Let d = 48 - 25. What is the tens digit of d?
2
Let j(a) = a**3 - 5*a**2 - 3*a - 2. Suppose 0 = 3*u - 11 - 7. What is the tens digit of j(u)?
1
Suppose 0*k + 5*k - u - 97 = 0, -5*k + 91 = -3*u. Let c = k - 6. What is the tens digit of c?
1
Let a = 1 - -2. Suppose -k + 4 = a*k. What is the units digit of 4 - (k + (-2)/1)?
5
Suppose 3 = -3*s, -2*s - 1 - 11 = 5*g. Let i(u) = -9*u + 1. Let x be i(g). Suppose -6 = -5*b + x. What is the units digit of b?
5
Let d(s) = s**3 + s**2 - s + 3. Let g(n) = n + 7. Let f be g(-7). What is the units digit of d(f)?
3
Suppose -3*c + 31 = 2*v - 0, -2*c + 2 = -v. Suppose -3 = r - v. Suppose 2*d + 4*z - r*z - 23 = 0, 0 = -4*z + 12. What is the units digit of d?
3
Let q(k) = k**3 + 7*k**2 + 3. Let a be 36/(-4) + 1 + 1. Let p be q(a). Suppose c = -3*x + 4, 4 = 4*c - p*c - 5*x. What is the units digit of c?
4
Let i be (-10)/(-8) - 1/4. What is the units digit of (9 - 2)*i + -2?
5
Suppose 3*a + 6 = 2*s, -a = -5*s - 3*a + 15. Suppose -5*k + 3*m = -61, s*k - 43 = -2*m + 5. What is the units digit of k?
4
Let n(a) = 2*a**2 + 2*a - 8. Let z = 18 + -23. What is the units digit of n(z)?
2
Suppose 32 = -q + 3*q. Suppose l + q = 2*l. What is the tens digit of l?
1
Let o = 3 - 4. Let x = -3 - -5. Let t = x - o. What is the units digit of t?
3
Let x be 2/(-4)*(2 - 2). Suppose 4*c + u = -19, 5*u + x + 27 = -3*c. Let j = 3 - c. What is the units digit of j?
7
Let y be (2/3)/((-2)/(-6)). Suppose 5*g - 4*c - 15 = 0, 2*g + 4*c + 7 = -15. What is the units digit of g/((-3)/6) + y?
4
Suppose -q + 4*u = -76, -q + 4*u - u + 80 = 0. Suppose -y + 2*y = -4, 5*y + q = 4*z. What is the units digit of z?
8
Suppose 2*l - 423 = 5*d, d + l + 86 = -0*l. What is the units digit of 0 - 2 - d/5?
5
Let f = 19 - 9. What is the tens digit of f?
1
Suppose -49*t = -50*t + 58. What is the units digit of t?
8
Let j = -17 - -22. What is the tens digit of -145*(-1)/(j/1)?
2
Let d(b) = -b**3 + b**2 + 4*b - 3. Let y be d(3). Let c = 13 + y. What is the units digit of c?
4
Let k(i) = i**2 + 6*i + 3. What is the units digit of k(-6)?
3
Suppose x = 40 - 2. What is the units digit of x?
8
Let v(t) = t - 12. Let m(k) = -k + 13. Let q(o) = -3*m(o) - 4*v(o). Let l be (-18)/(-63) - 47/(-7). What is the units digit of q(l)?
2
What is the tens digit of 98 - -1 - (-13)/(39/6)?
0
Let g be ((-6)/(-3))/(2/6). Let p be ((-10)/g)/((-1)/6). Suppose p = 4*m + 2. What is the units digit of m?
2
Suppose 172 = -2*b + 6*b. What is the tens digit of b?
4
Let y = 38 - 68. What is the units digit of (-618)/y + 4/10?
1
Let s be (1 + (-3)/12)*4. Let f be s/(-4) - (-115)/4. Suppose -5*k + f = -k. What is the units digit of k?
7
Suppose -5 = -3*p + 4. Suppose 4*t + 0*i + 2*i - 144 = 0, 5*t - 191 = p*i. Suppose 23 + t = 5*d + 4*q, d - q - 3 = 0. What is the units digit of d?
8
Let j be 2/(-4) + 38/4. Suppose -5*w + j = -6. Suppose -w*r + 0*r = -f - 16, 30 = 5*r - f. What is the units digit of r?
7
Let n be 0 - (2 + 1 + -1). Let z be (-1)/(-2) - n/4. Let y = 5 - z. What is the units digit of y?
4
Let o(c) be the second derivative of -5*c**3/6 - c**2/2 + 6*c. What is the tens digit of o(-4)?
1
Let q(b) = b**2 + b + 5. Let w be q(0). Let m = w - 2. What is the units digit of m?
3
Suppose -a - 5*k = -26, 0*a - 3*k = 4*a - 104. What is the units digit of a?
6
Let a(y) = -27*y + 20*y - 1 - y**2 + 17*y. What is the tens digit of a(5)?
2
Let n be -1 + (-6)/((-6)/3). Suppose -n*p - 8 + 56 = 0. What is the units digit of p?
4
Let b be 1*-1*(-1 - 2). Let w(c) = -c**3 + 5*c**2 - 5*c + 4. What is the units digit of w(b)?
7
Let w = 10 + -8. Let x be (-3 - -1) + 3 + w. Suppose -12 = -h + 3*r, 4*h + r - x*r = 38. What is the units digit of h?
9
Suppose -4*i + 154 = -5*l, 2*l = 3*i - 48 - 71. What is the tens digit of i?
4
Let n(j) = 19*j**3 + 2*j**2 - j. Suppose f + 18 = -2*f. Let s = f + 7. What is the tens digit of n(s)?
2
Suppose -o = -5*b + 31, 3*o = 3*b + o - 13. Suppose 0 = 5*l - b*l + 36. What is the tens digit of l?
1
Let b(f) = 2*f**3 - 3*f**2 + 2*f + 1. Let x be -4 + 5 - -1*1. What is the units digit of b(x)?
9
What is the units digit of 8/(-2) - (5 + 1)*-6?
2
Suppose 11 = 4*t - 1. Suppose k - 52 = -t*k. Suppose b = 2*o - k, 2*b + 9 + 26 = 5*o. What is the units digit of o?
9
Suppose -118 - 20 = -3*w. What is the units digit of w?
6
Let p = 37 - -1. What is the tens digit of p?
3
Let z(v) = v**2 + 6*v + 8. Let x be z(-7). Suppose 5*m + 15 + x = 5*u, -3*u + 12 = -m. Let l = 11 + m. What is the units digit of l?
8
Let h(j) = 2*j**3 + j. Let s be h(1). Suppose 2 = s*t - 34. What is the tens digit of t?
1
Let u = -5 + 5. Suppose u*w - w + 14 = 0. What is the tens digit of w?
1
Suppose 2*o - 580 = -8*o. What is the tens digit of o?
5
Let j = 5 - 13. What is the units digit of (9/6)/((-2)/j)?
6
Let w = -111 + 2. Let q = w - -74. What is the units digit of (-11)/(-5) - (-7)/q?
2
What is the tens digit of -3 - 0 - (-40 - 1)?
3
Let b = 0 + 0. Suppose 0*g + 3*g = b. Suppose g = 5*y - 5 - 0. What is the units digit of y?
1
Suppose -361 = -5*r + 774. What is the hundreds digit of r?
2
Let o = -1 - 3. Let l = o - -10. Suppose -2*t = -l*t + 20. What is the units digit of t?
5
Let b = 8 + -13. Let v = b - -9. What is the units digit of -6*(-1)/(v + -1)?
2
What is the tens digit of (-1 - (-104)/12)*12?
9
Let a = 2 - 0. Suppose 6 = a*h + h. What is the units digit of h?
2
Suppose 3*x = v + 17, 6*x - 4*v = 3*x + 14. Let l = x - -9. What is the tens digit of l?
1
Let b = 30 + -10. Suppose -4*n - n = -b. Suppose n*k - 11 = 41. What is the units digit of k?
3
What is the units digit of (5/((-10)/(-98)))/1?
9
What is the units digit of 57/2*2/3?
9
Suppose -3*q - a + 10 = -3*a, 3*a = 3*q - 15. Suppose -5*y = -q*y - 65. What is the tens digit of y?
1
Suppose 40 = 2*q + 2*a, -2*a - 112 = -4*q + 2*a. What is the tens digit of q?
2
Let o = 73 - 109. What is the units digit of 25*(o/15)/(-3)?
0
Suppose 2*c - 55 = -3*d + c, -2*d - 3*c + 39 = 0. Suppose 0*q - d = -q. What is the units digit of q?
8
Let v(k) = 0*k**2 + 6 + 3*k**2 + 6*k - 4*k**2. Let f be v(6). Let s = -3 + f. What is the units digit of s?
3
Let z(p) = -2*p + 4. Suppose 0 = 5*b + 8 + 7. What is the tens digit of z(b)?
1
What is the units digit of 216/10 - 2/(-5)?
2
Let o(b) = 58*b + 2. Let x be o(2). What is the units digit of (-18)/30 - x/(-5)?
3
Suppose -5*n = 4*u - 3 + 13, 2*u + 18 = 4*n. Suppose n*c - 17 = 5. What is the units digit of c?
1
What is the units digit of (-16)/(-6)*2*6?
2
Let u be 3 - (4 - (0 + 3)). Suppose 3*n - 48 = -n - u*v, -5*n + 90 = -5*v. What is the units digit of n?
4
Suppose -3*a + 9 = 0, -2*a = 5*k - 32 - 94. Suppose t = -3*t + 4*f + 32, 3*t = 5*f + k. What is the units digit of t?
8
Suppose -a = -5*w + 278 + 127, -w + 81 = -2*a. What is the tens digit of w?
8
What is the tens digit of (-8)/(-36) - (-1252)/36?
3
Suppose 2*p - 129 = -37. What is the tens digit of p?
4
Let m = -5 + 7. Suppose 5*y = -3*p + 101, -y = -0*p - m*p + 50. What is the units digit of p?
7
Suppose -2*h - r + 449 = 63, -980 = -5*h + 5*r. What is the tens digit of h?
9
Suppose -6 = q - 14. Let k = q + -6. Suppose 2*n + 10 = k*a, a + 4*n = -0*a - 15. What is the units digit of a?
1
Let l = 0 + 25. What is the units digit of (-40 - 0)*(-10)/l?
6
Suppose d = 2 + 3. Suppose -d*c = -j + 53, 2*j - 87 + 20 = -3*c. What is the units digit of j?
8
Suppose 2*x = 4*x + 18. Let q = -9 - x. What is the units digit of (q + (-1)/(-2))*26?
3
Suppose 2*w - 40 = 12. What is the tens digit of w?
2
Let k = 4 - 4. Suppose 0 = -k*x - x + 2. Let z(s) = -s**3 + 2*s**2 + 4*s - 3. What is the units digit of z(x)?
5
Suppose -42 = -5*d + 38. Let c = d + -7. What is the units digit of c?
9
Suppose -i = 4*l - 195, -5*l = -3*i - l + 521. What is the tens digit of i?
7
Suppose -6*u + 95 = -5*u. What is the tens digit of u?
9
Let x = 108 - 93. What is the units digit of x?
5
Let f = -99 - -445. What is the hundreds digit of f?
3
Suppose 2*z = 2*o -